{"id":323,"date":"2025-12-09T18:37:33","date_gmt":"2025-12-09T18:37:33","guid":{"rendered":"https:\/\/latinomkt.com\/?page_id=323"},"modified":"2025-12-10T19:13:54","modified_gmt":"2025-12-10T19:13:54","slug":"servicos","status":"publish","type":"page","link":"https:\/\/latinomkt.com\/?page_id=323","title":{"rendered":"Servicos"},"content":{"rendered":"\t\t<div data-elementor-type=\"wp-page\" data-elementor-id=\"323\" class=\"elementor elementor-323\">\n\t\t\t\t<div class=\"elementor-element elementor-element-5032d8f e-grid e-con-boxed e-con e-parent\" data-id=\"5032d8f\" data-element_type=\"container\">\n\t\t\t\t\t<div class=\"e-con-inner\">\n\t\t\t\t<div class=\"elementor-element elementor-element-d848ade elementor-position-top exad-sticky-section-no exad-glass-effect-no elementor-widget elementor-widget-image-box\" data-id=\"d848ade\" data-element_type=\"widget\" data-widget_type=\"image-box.default\">\n\t\t\t\t\t<div class=\"elementor-image-box-wrapper\"><figure class=\"elementor-image-box-img\"><img fetchpriority=\"high\" decoding=\"async\" width=\"307\" height=\"164\" src=\"https:\/\/latinomkt.com\/wp-content\/uploads\/2025\/12\/download-3.jpg\" class=\"attachment-full size-full wp-image-425\" alt=\"\" srcset=\"https:\/\/latinomkt.com\/wp-content\/uploads\/2025\/12\/download-3.jpg 307w, https:\/\/latinomkt.com\/wp-content\/uploads\/2025\/12\/download-3-300x160.jpg 300w\" sizes=\"(max-width: 307px) 100vw, 307px\" \/><\/figure><div class=\"elementor-image-box-content\"><h3 class=\"elementor-image-box-title\">Desarrollo Web<\/h3><p class=\"elementor-image-box-description\">Dise\u00f1amos sitios web modernos, funcionales y personalizados. Desde landing pages (p\u00e1ginas de aterrizaje) hasta tiendas en l\u00ednea, tu p\u00e1gina estar\u00e1 optimizada para buscadores, ser\u00e1 f\u00e1cil de navegar y adaptada a todos los dispositivos.<\/p><\/div><\/div>\t\t\t\t<\/div>\n\t\t\t\t<div class=\"elementor-element elementor-element-d52d56e elementor-position-top exad-sticky-section-no exad-glass-effect-no elementor-widget elementor-widget-image-box\" data-id=\"d52d56e\" data-element_type=\"widget\" data-widget_type=\"image-box.default\">\n\t\t\t\t\t<div class=\"elementor-image-box-wrapper\"><figure class=\"elementor-image-box-img\"><img decoding=\"async\" width=\"409\" height=\"251\" src=\"https:\/\/latinomkt.com\/wp-content\/uploads\/2025\/12\/marketing_digital_vaamos-e1765393992764.png\" class=\"attachment-full size-full wp-image-426\" alt=\"\" srcset=\"https:\/\/latinomkt.com\/wp-content\/uploads\/2025\/12\/marketing_digital_vaamos-e1765393992764.png 409w, https:\/\/latinomkt.com\/wp-content\/uploads\/2025\/12\/marketing_digital_vaamos-e1765393992764-300x184.png 300w\" sizes=\"(max-width: 409px) 100vw, 409px\" \/><\/figure><div class=\"elementor-image-box-content\"><h3 class=\"elementor-image-box-title\">Marketing Digital<\/h3><p class=\"elementor-image-box-description\">Creamos campa\u00f1as publicitarias efectivas en Meta (Facebook\/Instagram) y Google. Segmentamos tu audiencia, desarrollamos copys persuasivos y usamos estrategias que aumentan la visibilidad, el tr\u00e1fico y las ventas de tu negocio.<\/p><\/div><\/div>\t\t\t\t<\/div>\n\t\t\t\t\t<\/div>\n\t\t\t\t<\/div>\n\t\t<div class=\"elementor-element elementor-element-8a3ca5d e-grid e-con-boxed e-con e-parent\" data-id=\"8a3ca5d\" data-element_type=\"container\">\n\t\t\t\t\t<div class=\"e-con-inner\">\n\t\t\t\t<div class=\"elementor-element elementor-element-ebfeb36 elementor-position-top exad-sticky-section-no exad-glass-effect-no elementor-widget elementor-widget-image-box\" data-id=\"ebfeb36\" data-element_type=\"widget\" data-widget_type=\"image-box.default\">\n\t\t\t\t\t<div class=\"elementor-image-box-wrapper\"><figure class=\"elementor-image-box-img\"><img decoding=\"async\" width=\"942\" height=\"988\" src=\"https:\/\/latinomkt.com\/wp-content\/uploads\/2025\/12\/Content-Vertical-e1765394023564.webp\" class=\"attachment-full size-full wp-image-192\" alt=\"\" srcset=\"https:\/\/latinomkt.com\/wp-content\/uploads\/2025\/12\/Content-Vertical-e1765394023564.webp 942w, https:\/\/latinomkt.com\/wp-content\/uploads\/2025\/12\/Content-Vertical-e1765394023564-286x300.webp 286w, https:\/\/latinomkt.com\/wp-content\/uploads\/2025\/12\/Content-Vertical-e1765394023564-768x806.webp 768w\" sizes=\"(max-width: 942px) 100vw, 942px\" \/><\/figure><div class=\"elementor-image-box-content\"><h3 class=\"elementor-image-box-title\">Redes sociales<\/h3><p class=\"elementor-image-box-description\">Gestionamos tu presencia en Facebook, Instagram, WhatsApp Business y Google Business. Creamos estrategias, dise\u00f1amos publicaciones, programamos contenido y optimizamos tus perfiles para conectar con tu audiencia y atraer m\u00e1s clientes.<\/p><\/div><\/div>\t\t\t\t<\/div>\n\t\t\t\t<div class=\"elementor-element elementor-element-0f3fcad elementor-position-top exad-sticky-section-no exad-glass-effect-no elementor-widget elementor-widget-image-box\" data-id=\"0f3fcad\" data-element_type=\"widget\" data-widget_type=\"image-box.default\">\n\t\t\t\t\t<div class=\"elementor-image-box-wrapper\"><figure class=\"elementor-image-box-img\"><img loading=\"lazy\" decoding=\"async\" width=\"1080\" height=\"1080\" src=\"https:\/\/latinomkt.com\/wp-content\/uploads\/2025\/11\/Best-Cleaning-Com.png\" class=\"attachment-full size-full wp-image-33\" alt=\"\" srcset=\"https:\/\/latinomkt.com\/wp-content\/uploads\/2025\/11\/Best-Cleaning-Com.png 1080w, https:\/\/latinomkt.com\/wp-content\/uploads\/2025\/11\/Best-Cleaning-Com-300x300.png 300w, https:\/\/latinomkt.com\/wp-content\/uploads\/2025\/11\/Best-Cleaning-Com-1024x1024.png 1024w, https:\/\/latinomkt.com\/wp-content\/uploads\/2025\/11\/Best-Cleaning-Com-150x150.png 150w, https:\/\/latinomkt.com\/wp-content\/uploads\/2025\/11\/Best-Cleaning-Com-768x768.png 768w\" sizes=\"(max-width: 1080px) 100vw, 1080px\" \/><\/figure><div class=\"elementor-image-box-content\"><h3 class=\"elementor-image-box-title\">Creaci\u00f3n de Contenido<\/h3><p class=\"elementor-image-box-description\">Dise\u00f1amos volantes, videos cortos, reels, historias interactivas, cat\u00e1logos, portadas y m\u00e1s. Todo con enfoque estrat\u00e9gico y visual profesional para fortalecer tu marca y destacar en redes sociales y medios digitales.<\/p><\/div><\/div>\t\t\t\t<\/div>\n\t\t\t\t\t<\/div>\n\t\t\t\t<\/div>\n\t\t<div class=\"elementor-element elementor-element-205c7a7 e-grid e-con-boxed e-con e-parent\" data-id=\"205c7a7\" data-element_type=\"container\">\n\t\t\t\t\t<div class=\"e-con-inner\">\n\t\t\t\t<div class=\"elementor-element elementor-element-bdb4c31 elementor-position-top exad-sticky-section-no exad-glass-effect-no elementor-widget elementor-widget-image-box\" data-id=\"bdb4c31\" data-element_type=\"widget\" data-widget_type=\"image-box.default\">\n\t\t\t\t\t<div class=\"elementor-image-box-wrapper\"><figure class=\"elementor-image-box-img\"><img loading=\"lazy\" decoding=\"async\" width=\"201\" height=\"251\" src=\"https:\/\/latinomkt.com\/wp-content\/uploads\/2025\/12\/download-2.jpg\" class=\"attachment-full size-full wp-image-424\" alt=\"\" \/><\/figure><div class=\"elementor-image-box-content\"><h3 class=\"elementor-image-box-title\">Identidad Visual y Branding<\/h3><p class=\"elementor-image-box-description\">Creamos logotipos \u00fanicos, manuales de marca, tarjetas de presentaci\u00f3n y elementos gr\u00e1ficos coherentes que te ayudan a proyectar una imagen profesional, confiable y memorable en todos los canales.<\/p><\/div><\/div>\t\t\t\t<\/div>\n\t\t\t\t<div class=\"elementor-element elementor-element-8fb25e2 elementor-position-top exad-sticky-section-no exad-glass-effect-no elementor-widget elementor-widget-image-box\" data-id=\"8fb25e2\" data-element_type=\"widget\" data-widget_type=\"image-box.default\">\n\t\t\t\t\t<div class=\"elementor-image-box-wrapper\"><figure class=\"elementor-image-box-img\"><img decoding=\"async\" width=\"942\" height=\"988\" src=\"https:\/\/latinomkt.com\/wp-content\/uploads\/2025\/12\/Content-Vertical-e1765394023564.webp\" class=\"attachment-full size-full wp-image-192\" alt=\"\" srcset=\"https:\/\/latinomkt.com\/wp-content\/uploads\/2025\/12\/Content-Vertical-e1765394023564.webp 942w, https:\/\/latinomkt.com\/wp-content\/uploads\/2025\/12\/Content-Vertical-e1765394023564-286x300.webp 286w, https:\/\/latinomkt.com\/wp-content\/uploads\/2025\/12\/Content-Vertical-e1765394023564-768x806.webp 768w\" sizes=\"(max-width: 942px) 100vw, 942px\" \/><\/figure><div class=\"elementor-image-box-content\"><h3 class=\"elementor-image-box-title\">Creaci\u00f3n de Contenido<\/h3><p class=\"elementor-image-box-description\">Dise\u00f1amos volantes, videos cortos, reels, historias interactivas, cat\u00e1logos, portadas y m\u00e1s. Todo con enfoque estrat\u00e9gico y visual profesional para fortalecer tu marca y destacar en redes sociales y medios digitales.<\/p><\/div><\/div>\t\t\t\t<\/div>\n\t\t\t\t\t<\/div>\n\t\t\t\t<\/div>\n\t\t\t\t<\/div>\n\t\t","protected":false},"excerpt":{"rendered":"<p>Desarrollo Web Dise\u00f1amos sitios web modernos, funcionales y personalizados. Desde landing pages (p\u00e1ginas de aterrizaje) hasta tiendas en l\u00ednea, tu p\u00e1gina estar\u00e1 optimizada para buscadores, ser\u00e1 f\u00e1cil de navegar y adaptada a todos los dispositivos. Marketing Digital Creamos campa\u00f1as publicitarias efectivas en Meta (Facebook\/Instagram) y Google. Segmentamos tu audiencia, desarrollamos copys persuasivos y usamos estrategias&#8230;<\/p>\n","protected":false},"author":1,"featured_media":0,"parent":0,"menu_order":0,"comment_status":"closed","ping_status":"closed","template":"","meta":{"_kad_post_transparent":"","_kad_post_title":"hide","_kad_post_layout":"fullwidth","_kad_post_sidebar_id":"","_kad_post_content_style":"unboxed","_kad_post_vertical_padding":"hide","_kad_post_feature":"hide","_kad_post_feature_position":"","_kad_post_header":false,"_kad_post_footer":false,"_kad_post_classname":"","footnotes":""},"class_list":["post-323","page","type-page","status-publish","hentry"],"_links":{"self":[{"href":"https:\/\/latinomkt.com\/index.php?rest_route=\/wp\/v2\/pages\/323","targetHints":{"allow":["GET"]}}],"collection":[{"href":"https:\/\/latinomkt.com\/index.php?rest_route=\/wp\/v2\/pages"}],"about":[{"href":"https:\/\/latinomkt.com\/index.php?rest_route=\/wp\/v2\/types\/page"}],"author":[{"embeddable":true,"href":"https:\/\/latinomkt.com\/index.php?rest_route=\/wp\/v2\/users\/1"}],"replies":[{"embeddable":true,"href":"https:\/\/latinomkt.com\/index.php?rest_route=%2Fwp%2Fv2%2Fcomments&post=323"}],"version-history":[{"count":10,"href":"https:\/\/latinomkt.com\/index.php?rest_route=\/wp\/v2\/pages\/323\/revisions"}],"predecessor-version":[{"id":432,"href":"https:\/\/latinomkt.com\/index.php?rest_route=\/wp\/v2\/pages\/323\/revisions\/432"}],"wp:attachment":[{"href":"https:\/\/latinomkt.com\/index.php?rest_route=%2Fwp%2Fv2%2Fmedia&parent=323"}],"curies":[{"name":"wp","href":"https:\/\/api.w.org\/{rel}","templated":true}]}}